Suppose 0 = 5*v - 0*v. Let t be -1 - (1 - 2) - v. Let m(c) = 4*c**3 - 4*c**3 + 6 + c**3 + c**2 + c. Give m(t).
6
Let o(v) = -2*v**2 + 2*v**3 - 3*v**3 + 3*v**2 + 6. Suppose -2*g - 2*j = 2*j + 10, -4*g - 11 = 5*j. Let w be g - 1/3*3. Calculate o(w).
6
Let t(z) = 4*z**3 + 2*z**2 + z. Suppose 8*q - 5*q = -3. Let x be t(q). Let u(m) = -m**2 - m - 1. Determine u(x).
-7
Let h(c) = 5*c**2. Let l be h(-1). Let x be (-4)/(-8)*(-12)/1. Let b(t) = -t + 11. Let y(p) = -p + 10. Let v(n) = x*y(n) + 5*b(n). Give v(l).
0
Let i(m) = m**3 + 3*m**2 - 1. Suppose 28 = 4*s + 8. Suppose -4*l - 7 = -3*g, l - g + s = -3*l. Let h be i(l). Let u(o) = 11*o - 1. What is u(h)?
10
Let k(w) = -w - 2. Let m = -3 - -3. Let a = m - 5. Let q be k(a). Let b(i) = i + 2. Give b(q).
5
Let m(o) be the third derivative of o**6/120 - o**5/30 - o**4/24 - o**3/3 + 2*o**2 - 32. Give m(-2).
-16
Let y = 0 + 3. Suppose y*i + 0*i = 6. Let f(l) = 0*l**i - 2*l**2 - l**2 + l**3 - 4. Give f(3).
-4
Let f(z) be the third derivative of z**4/6 + z**3/3 - 4*z**2. Let a be f(-2). Let c(s) = s**3 + 6*s**2 + 5. Determine c(a).
5
Suppose 0 = g + 3*f - 17, 0 = -0*f + 5*f - 20. Let m(z) be the first derivative of 5*z - 5/2*z**2 + 1/3*z**3 - 2. What is m(g)?
5
Let d = -2 + 4. Let h(r) = -2*r - r**3 + 0 - d*r**2 - 3*r**2 - 5. Let l be ((-5)/10 - -3)*-2. Calculate h(l).
5
Let l(q) = 3. Let t(u) = -u + 5. Let b(z) = 5*l(z) - 2*t(z). Let h(x) = -2*x - 5. Let n(y) = 6*b(y) + 5*h(y). Give n(-4).
-3
Let b be 0 - -1 - (4 - 6). Let v(c) = -2*c**2 - 3*c - 6 - 8*c - b*c**2. Let n(r) = -3*r**2 - 6*r - 3. Let g(z) = 7*n(z) - 4*v(z). Give g(-2).
-5
Suppose b - 4*b - 15 = 0. Let n be (-6 - -3)/(b/5). Let f(w) = -w**2 + w + 2. Give f(n).
-4
Let z(r) = -r**2 - 3*r - 1. Let y(q) = -12*q. Let v be y(-1). Suppose 0 = -3*n - n + v. Suppose -4*s = t - n*t + 8, -2*s - t = 8. Calculate z(s).
-1
Let m(l) = 4*l**2 + 2*l - 1. Suppose 5*p + 5 = -y, -2 - 2 = 4*p. Suppose 0*c + c + 2 = y. Determine m(c).
11
Suppose -4*u + 5*g = -45, -3*g = -u + g + 25. Let a(n) = -n**2 + 7*n - 5. Give a(u).
5
Suppose 0 = -5*r + 2*w - 66, 2 + 1 = w. Let i = r + 8. Let x = i - -5. Let b(a) = 12*a. Give b(x).
12
Let r(b) = b**2 + 3*b - 7. Let o(f) = 9*f - 6. Let y be o(-4). Let j be 186/y - (-4)/(-7). Calculate r(j).
3
Suppose -5*i + 10 = -3*b, -3*i = -2*b - 1 - 5. Let m(o) = -o - 1 + i - 2. Calculate m(5).
-6
Let j be (-74)/26 + (-2)/13. Let x(v) = 3*v + 4. Calculate x(j).
-5
Let h(g) = -g**3 - 12*g**2 + 3*g + 9. Let v(r) = r**2 - r - 1. Let m(k) = -h(k) - 6*v(k). What is m(-6)?
-21
Let b(v) = v - 3. Let f be (-3)/(-3*(-3)/(-12)). What is b(f)?
1
Let s = 11 + -6. Suppose -2*w + 4*w + 2*d + 6 = 0, -3*d = -s*w - 15. Let x(b) = -b**3 - 4*b**2 - 3*b + 1. Calculate x(w).
1
Let u(f) = f + 13. Let q be u(-14). Let b(x) be the third derivative of -1/6*x**5 + x**2 - 1/24*x**4 + 0*x**3 + 0 + 0*x. What is b(q)?
-9
Suppose -8 = 5*p - 4*z + 13, 0 = -3*p - 4*z + 13. Let b(h) = 2*h - 1. Calculate b(p).
-3
Let i(q) = q**3 - 4*q**2 - q - 3. Let b(f) = -2*f**3 + 8*f**2 + f + 6. Let t(p) = 3*b(p) + 5*i(p). Determine t(4).
-5
Let h(v) be the third derivative of -v**4/24 + 4*v**3/3 + v**2. Let a = 8 - 4. Suppose -a*q = q. Give h(q).
8
Let h(y) = y - 3. Let i(u) = 1. Let b(w) = -1. Let g(c) = -2*b(c) - i(c). Let s be -2*(18/(-4))/9. Let t(v) = s*h(v) + 6*g(v). Give t(0).
3
Let l(u) = -4*u**3 + u**2 - 3*u - 1. Let y be 4*(3/(-6) - 0). Let z(f) = -f**2 + f. Let r(s) = y*z(s) - l(s). Let o be r(-1). Let h(m) = 2*m. Calculate h(o).
-6
Let o be 22/(-18) + (-2)/(-9). Let u be o*(-3)/2*2. Let m(l) = 2*l**2 - 3*l - 3. Calculate m(u).
6
Let v(c) = -4*c + 14. Let q(s) = 3*s - 13. Let g(y) = -7*q(y) - 6*v(y). What is g(-6)?
-11
Let l(c) = c**2 - 1. Let n(x) = 5*x**2 - 6*x - 7. Let s be (-2)/8 - 425/(-68). Let t(m) = s*l(m) - n(m). Calculate t(-5).
-4
Let h(o) be the second derivative of 0 + 1/60*o**5 + 0*o**3 + 0*o**2 + 2*o - 7/720*o**6 + 1/4*o**4. Let t(r) be the third derivative of h(r). Calculate t(2).
-12
Let s(q) = -18*q + 19*q + 12 - 2*q. Calculate s(5).
7
Let m(y) = y**2 - 7*y + 6. Let i(z) = -6*z. Let g be i(-1). Determine m(g).
0
Let i(c) = c**3 - 7*c**2 + 1. Let l be (-2)/(-9) - 32/(-18). Let q(w) = w**3 - 8*w**2 - w + 2. Let p(a) = l*q(a) - 3*i(a). What is p(5)?
-9
Let p(q) = -q + 8. Let b be 1*4*(2 + -1). Let f be 1 - (b - (-2 - -5)). Determine p(f).
8
Let s(u) = -u**2 + 4*u - 3. Let n(m) = 4*m + 1. Let t be -3 - (2 - 1 - 14). Let r = t - 9. Let p be n(r). What is s(p)?
-8
Let j(a) = -a - 1 + 2*a + 0*a - 2*a. What is j(6)?
-7
Let g(i) = 2 - i + 0*i + 17 + i**2 + 0*i. Give g(0).
19
Let c(k) be the third derivative of -k**4/12 + 3*k**3/2 + k**2. Let n(v) = -v**2 + 16*v - 9. Let w be n(15). Give c(w).
-3
Suppose -6 = 3*z - 6*z. Let x(h) be the third derivative of -h**4/6 - h**3/6 + 53*h**2. Determine x(z).
-9
Let m(q) = 3*q - 13. Let w be m(6). Let d(h) = h - 2. Give d(w).
3
Suppose -5*x = v + 2, v + 3*x + 1 = -x. Let f(a) = -6*a + 0*a + 2*a + 3. Calculate f(v).
-9
Let a(c) = 2*c**3 - 9*c**2 + 4*c - 6. Let r be a(4). Let u(i) = i + 2. Determine u(r).
-4
Let n be ((-6)/(-4))/(15/20). Let d(i) = 2*i**2 - 2*i - 1. Let t be d(-1). Let y = t - n. Let f(v) = 2*v - 1. Calculate f(y).
1
Let s(u) = -2*u**2 + 2*u - 1. Let c(a) = a**2. Let r(j) = c(j) + s(j). Let b = 1 - -1. Give r(b).
-1
Suppose z - 10 = -4*z. Let b = z - -1. Let a(p) = p**3 - 2*p**2 - p. Determine a(b).
6
Suppose -3*i - 5*k = -9, -i + 2*k - 3*k = -3. Let s(b) = b. Calculate s(i).
3
Let w(j) = j**2. Let i(k) = -6*k**2 - 2*k + 2. Let n(v) = i(v) + 3*w(v). Suppose 0*c - 12 = -4*c - 5*m, -m + 6 = -c. What is n(c)?
-6
Let l(x) be the second derivative of 0 - 1/3*x**3 + 1/8*x**4 - x - 1/2*x**2. Let b(v) be the first derivative of l(v). Calculate b(3).
7
Let z(n) = 1 + 2*n**2 + 6*n - n**2 + 3. Let f be z(-4). Let q(g) be the second derivative of g**5/20 + g**4/4 - 5*g**3/6 - g**2 - 2*g. Give q(f).
2
Let s(l) = -4*l + 2. Let j(c) = -c. Let n(y) = 5*j(y) - s(y). Calculate n(-7).
5
Let v(i) = -8 + 7*i - 2*i - 6*i. Calculate v(-4).
-4
Let g be -3*(-2)/18*-9. Let z(y) = y**2 + 2*y - 3. Let l be z(g). Let r(o) = o - 7 + o - o. Determine r(l).
-7
Let i(h) be the third derivative of 0*h - 1/3*h**3 + 0 - 1/30*h**5 - 1/24*h**4 + 2*h**2 - 1/120*h**6. Calculate i(-3).
10
Let g(m) = m**3 + 5*m**2 + 7*m + 6. Suppose 0*c = -4*c - 28. Let h(f) = f + 3. Let j be h(c). Give g(j).
-6
Let s(z) = z**2 - 1. Let y be s(3). Let d = -6 + y. Let q(o) = 7 + o + 3*o**d - o**2 - 3*o**2. Calculate q(0).
7
Let j(x) be the third derivative of 1/3*x**3 + 1/12*x**4 + 0*x + 0 + 4*x**2. Determine j(-3).
-4
Let d(a) be the second derivative of -1/20*a**5 - 5/12*a**4 + 0 + 0*a**2 + 6*a + 7/6*a**3. Calculate d(-6).
-6
Let m(d) be the third derivative of 0*d**3 - 1/24*d**4 + 0 + 0*d + 4*d**2. Determine m(-4).
4
Let x(n) = 3*n**2 - 1. Let l be (-9)/6 + (-5)/(-2). Calculate x(l).
2
Let o(v) = 6 + v**3 - 17 + 2*v + 12 + 2*v**2. Calculate o(-1).
0
Let d(x) = -x - 9. Let c = -38 - -34. Give d(c).
-5
Let g(f) = f - 1. Suppose 0 = -6*x + x + 20. Suppose -15 = -l - x*l. Calculate g(l).
2
Let q(l) = 7 + 2*l**2 - 2 - 3 - 4. Determine q(2).
6
Let w(p) be the first derivative of -7*p**4/4 - 2*p**3/3 + p**2/2 + 5. Let f(y) = y**2 + 5*y + 1. Suppose -x - 5 = -0*x. Let a be f(x). Calculate w(a).
-8
Suppose 2*f - 23 = -3*a, 4*a + f = 3*f + 12. Suppose -a = 5*j - 15. Let u(h) = h**3 - 3*h**2 - 2*h - 1. What is u(j)?
-9
Let s(n) = -7*n**3 - 8*n**2 + 3*n - 15. Let j(k) = -4*k**3 - 4*k**2 + k - 8. Let p(x) = -5*j(x) + 3*s(x). What is p(-4)?
-21
Let o(d) be the second derivative of -d**6/720 + d**5/12 + d**4/4 - 2*d. Let p(t) be the third derivative of o(t). Let l = 16 - 11. Determine p(l).
5
Let u(r) = -8*r. Let h = 80 - 81. Determine u(h).
8
Let a(s) = s**2 - 7*s + 6. Suppose 3*g - 11 = -29. Let m = 8 + g. Suppose 0 = -m*z + 10. Give a(z).
-4
Suppose 24 + 16 = 8*g. Let f(s) = 4*s - 5. Let v(i) = -17*i + 19. Let p(b) = 9*f(b) + 2*v(b). Give p(g).
3
Let j(w) = 14*w**2 - 1. Let l be (-75)/(-20) - 2/(-8). Let n be l + -1 + -3 + 1. Give j(n).
13
Let z be -4*(4/(-2))/8. Let c(u) = -7*u**2 + u. What is c(z)?
-6
Suppose 0*f - f = 0. Let p(h) = -h**2 - h + 2. Let q be p(f). Suppose -3*s + q*s = -4. Let y(o) = -o**3 + 5*o**2 - 3*o - 4. Determine y(s).
0
Let b(s) = 9*s**2 + 7*s - 7. Let l(a) =